*w. Suppose 4*d + 3*j = -28, 0*j + 4*j + 4 = 3*d. Give p(d).
4
Let s(w) be the second derivative of 2/3*w**4 - 5/2*w**2 - w + 0 - 2/3*w**3. Let a(q) = -q - 1. Let b(f) = -4*a(f) + s(f). What is b(1)?
7
Let j be (0/3)/(0 - 2). Let z(s) = -4*s + 5*s + j + 3 + 0*s. What is z(-6)?
-3
Suppose 0 = 5*s - 2*c + 13, 4*s + 20 = -c + 5*c. Let n(u) = -23*u**2 - u. Calculate n(s).
-22
Let v(h) = 3*h**3 + h**2 + 1. Let j(y) = 4*y**3 + y**2 + 2. Let o(f) = 4*j(f) - 5*v(f). Determine o(0).
3
Let z(v) = -v**3 - 5*v**2 + 2*v - 5. Suppose 3*r + 12 = -3*i, 4*i + 3*r + 7 = 2*i. What is z(i)?
-15
Let z(j) = -2*j + j + 0*j + 2. Calculate z(0).
2
Let h(i) = i**3 - 11*i**2 + 11*i - 9. Let b be h(10). Let f(a) = -b - 4*a - 2*a**2 + 11*a + a**2 - 3. Determine f(6).
2
Suppose 4*v = 4*t - 48, -6*v + 12 = 4*t - v. Suppose -3*z + t = -4*p, z - 2*p - 4 = -2. Let f(h) = h - 3. What is f(z)?
1
Let m(f) = -3*f - 1. Let j be m(-1). Let v(s) = -s + j*s + 0*s - 2*s - 6. Let k be 0 + (0 + -1 - 4). What is v(k)?
-1
Suppose -2*k - 2 - 2 = 0, 4*k = b - 8. Suppose 3*f - 5 + 0 = -2*m, b = -f - m + 3. Let x(q) be the first derivative of 4*q**3/3 - q**2/2 - q + 2. What is x(f)?
4
Let i be 30/50 + 2/5. Let w(z) = -z + i - 2 - 1. Suppose 4 = p - 0*p. Give w(p).
-6
Let n(g) be the first derivative of -1/3*g**3 + 8*g + 1 + 5/2*g**2. Determine n(6).
2
Suppose -3*q = 3 + 3. Let t(c) = 20*c - 12. Let s(k) = -20*k + 13. Let u(y) = 6*s(y) + 7*t(y). Let v(b) = -4*b + 1. Let l(m) = 3*u(m) + 16*v(m). What is l(q)?
6
Let x be 4 + -2 - 0 - 1. Let y(o) = x - 4*o**2 + 14*o - o**3 - 8*o + 1. Give y(-5).
-3
Suppose 25 = -y - 4*y. Let m(l) be the third derivative of l**4/24 + 7*l**3/6 + 3*l**2. Let d(n) = 2*n + 13. Let s(o) = y*m(o) + 3*d(o). What is s(5)?
9
Let j(m) be the second derivative of m**5/20 - m**4/2 - m**3/3 + m**2/2 - 3*m. Calculate j(6).
-11
Let q(l) = 16*l - 1. Suppose 2*x = 3*m + m, 0 = -3*m + 3*x - 3. Calculate q(m).
15
Let i(p) = 2 - p - 3 - 5*p. Determine i(-1).
5
Let s(l) = l**3 + 2*l**2 - l. Suppose 5*r = 7 + 13. Suppose 3 = -r*c - 1. Let o be c/2 + 20/(-8). Give s(o).
-6
Let y(f) = -27*f + 12. Let n(c) = -11*c + 5. Let q(h) = -12*n(h) + 5*y(h). Let g(o) = 14*o. Let z(u) = -3*g(u) - 15*q(u). Calculate z(-1).
-3
Let k(m) = m. Let c be (4/(-6))/(10/(-45)). Determine k(c).
3
Let j(a) = 5 + 3*a + 5*a - 6*a. Determine j(-5).
-5
Let m(q) = -q + 2. Let v be m(0). Let a(s) = -90 - s**3 - v*s + 90 - s**2. What is a(-2)?
8
Let q(j) = j**2 - 11*j + 12. Let u be q(10). Suppose -3*w = -u*w - 1. Let p(x) = -4*x**3 + 2*x**2 - 1. Calculate p(w).
-3
Suppose -14 + 12 = -z. Let a(i) = -i**z + 2*i + 2*i**2 + 3*i**2 - 1. Suppose -4*f + 0 + 4 = 0. Determine a(f).
5
Suppose -4*t - 4*b - 24 = 0, -b - 26 = 8*t - 3*t. Let q(f) be the second derivative of -f**3/6 - 7*f**2/2 + 2*f. Determine q(t).
-2
Let o(g) = -g + 1. Let q(l) be the third derivative of l**3/6 + 7*l**2. Let h(x) = o(x) - q(x). Give h(1).
-1
Let f(d) = d**2 + 9. Suppose 4*a + 2*r + 18 = 0, r - 6 = a - 0*r. Let w = -6 - a. Let i = w + 1. Determine f(i).
9
Let p(u) = 11*u**2 + 5*u**3 - 2*u - 7*u**2 - 4*u**3. Let m(g) = 3*g - 4. Let l be m(8). Suppose y - l = 6*y. Determine p(y).
8
Let m(d) = 4*d - 2 - 2*d + 3 - 2. Calculate m(3).
5
Suppose -138 + 108 = 6*k. Let q(m) be the second derivative of -m**5/20 - 5*m**4/12 - 5*m**2/2 + m. Give q(k).
-5
Let t(f) = -f**2 + 7*f - 9. Let z be t(6). Let k(r) be the third derivative of 2*r**2 + 1/3*r**3 + 0*r + 1/24*r**4 + 0. Give k(z).
-1
Let n(y) = 3*y**2 + 12*y + 5. Let a(x) = -4*x**2 - 13*x - 7. Let m(z) = 2*a(z) + 3*n(z). Calculate m(-9).
-8
Suppose -4*f - 4*x = -4, f - 5*x - 45 = -14. Let p(q) be the first derivative of -q**2/2 - 2*q + 1. Determine p(f).
-8
Suppose -4*x = 4*z + z + 62, -18 = 3*z - 4*x. Let u = -5 - z. Suppose u*w + 3 = -2. Let c(t) = 5*t**3 - 2*t**2 + 1. Give c(w).
-6
Suppose 5*r - 28 = r. Let u be r/5 + (-4)/10. Let p(n) = 4*n**2 - n. Calculate p(u).
3
Let v(j) = -1 + j - 2 + 0*j + 1. What is v(-4)?
-6
Let m(l) = -l**2 - 6*l - 1. Let o be m(-5). Suppose 0*u + o*u - 20 = 0. Let k(z) = -63 + 41 + 33 + 3*z - 4*z. Determine k(u).
6
Suppose -3*n - 2 + 11 = 0. Suppose -2*l - l - 4*j = 9, -l + 10 = -n*j. Let f = -3 + l. Let c(i) = 2*i - 2. Calculate c(f).
-6
Let t(b) be the first derivative of -b**4/4 - 4*b**3/3 + 4*b**2 + 6*b + 1. Let c = -32 + 27. Calculate t(c).
-9
Suppose -5*u - 6 = -8*u. Let r(s) = 0*s**3 + u + 5*s**3 + 2*s**2 - 6*s**3. What is r(3)?
-7
Let r(k) be the third derivative of k**5/60 + 5*k**4/24 + 2*k**3/3 + 2*k**2. Suppose d - 6 = -d. Suppose 7 = -d*l - 5. Give r(l).
0
Let c(l) be the third derivative of l**6/180 + l**5/40 - l**4/12 + 6*l**2. Let x(m) be the second derivative of c(m). Suppose 3*h = -5 - 4. Give x(h).
-9
Let i(y) be the second derivative of -y**5/60 + y**4/12 - 7*y**3/6 - 3*y. Let a(n) be the second derivative of i(n). What is a(2)?
-2
Let b(w) = w**3 - 8*w**2 + 8*w. Let z(x) = x**3 - 8*x**2 + 8*x + 1. Let j(u) = 4*b(u) - 3*z(u). Give j(7).
4
Suppose -p - 11 + 6 = 3*d, -4*d - 20 = 0. Let m(i) = -i**3 + 11*i**2 - 10*i - 8. What is m(p)?
-8
Suppose 3*o = 2*b + 2*b - 27, -5*o - 22 = b. Let g(n) = n**3 - 4*n**2 + 5*n - 3. Calculate g(b).
3
Let x = -6 + 12. Let b(c) = -2*c + x*c - 3 - 3*c - 2*c. What is b(-4)?
1
Let f(b) = 2*b + 1. Suppose 23*x - 12 = 19*x. Give f(x).
7
Suppose -2*h + 1 = -3*f - 3, 16 = -3*f - h. Let n(x) = -x**2 - 4*x - 4. Give n(f).
-4
Let h(z) = -19*z + 7. Let f(n) = -9*n + 3. Let t(a) = 7*f(a) - 3*h(a). Determine t(-2).
12
Let t be (-74)/14 + (-2)/(-7). Let u be (-7 - -1)/(6/(-4)). Let q(l) = -1 - u*l**2 - l**2 - l - 1 - l**3. Give q(t).
3
Let b(g) = -g**3 + 4*g**2 - 4*g - 1. Let j be 1/((10/(-6))/(-5)). Determine b(j).
-4
Let u be (4/2)/(2/9). Let i = 13 - u. Let l be (i/2)/2 - 4. Let n(o) = -o**2 - 2*o + 1. Give n(l).
-2
Let b(f) be the first derivative of -f**2/2 - f - 7. Let u be b(0). Let o(n) be the second derivative of 5*n**3/6 - n. What is o(u)?
-5
Let c(x) = 14*x**2 + 2*x - 1. Let z = 26 - 25. Determine c(z).
15
Suppose -9 = -p - 2*x, -30 = -4*p - 5*x - 0*x. Let j = 14 + -8. Let b(t) = 4*t + 8. Let u(f) = 5*f + 9. Let a(r) = j*b(r) - 5*u(r). Give a(p).
-2
Let c(y) = -2*y**3 - 8*y**2 - y - 7. Let t(x) = -5*x**3 - 23*x**2 - 3*x - 20. Let q(d) = 8*c(d) - 3*t(d). Determine q(5).
9
Let o(u) = -u**2 - 4*u - 1. Suppose -2*l = 4*l. Suppose -4 = -l*a + a. Determine o(a).
-1
Let j(x) = x**2 + 11*x - 3. Let l be j(-11). Suppose 5*u + 7 - 17 = -5*i, -i - 4*u + 2 = 0. Let d(g) = 4*g - 6 + 6 + g**i. Calculate d(l).
-3
Let l(z) = 6*z**2 - z**3 + 0*z - 7 - 3*z + 4*z. What is l(6)?
-1
Suppose -2*x = -9 - 1. Let w(b) = b**3 - 3*b**2 - 3*b - 2. Let d be w(4). Let n(i) = -i**d - 3*i + 5*i - 7 + 4*i. What is n(x)?
-2
Let p = 49 + -44. Let x(m) = -m - 2. What is x(p)?
-7
Let i(d) = 2*d**3 + 3*d**2 + 4*d + 2. Suppose 4 = c, -5*n + 2 = c + 2*c. Calculate i(n).
-10
Let o(t) = 2*t**2 - 6. Let a be o(-2). Let w(q) = 8 + 7 - 2*q**2 - 17 + 4*q**a - q. Calculate w(2).
4
Suppose -3*d + 10 + 17 = 0. Let k(j) = 5*j**3 - 4*j**2 + 3*j. Let v(i) = -9*i**3 + 9*i**2 - 7*i. Let u(z) = d*k(z) + 4*v(z). Give u(1).
8
Let t(r) be the third derivative of -r**6/120 - r**5/15 - 5*r**4/24 - r**3/2 + 13*r**2. Give t(-3).
3
Let d = 12 - 9. Let s(o) = 5*o - 1. Give s(d).
14
Suppose -4*d + 5 = -s - 1, 6 = 3*d. Let j(q) be the second derivative of 1/2*q**3 + q - 1/12*q**4 + 1/20*q**5 - q**2 + 0. Calculate j(s).
8
Suppose 1 = 5*f - 4. Let d(c) = 6*c - 3. Let l(v) = v**2 + v - 1. Let j(z) = f*d(z) - l(z). Give j(5).
-2
Let y(o) = -o**2 - 5*o - 3. Let f be (8/(-10))/(1/5). Let k(v) = -v. Let u be k(f). Suppose -3*s + 27 = -u*a - 0*s, 0 = 5*a - 3*s + 30. What is y(a)?
3
Suppose -3*n - 1 - 11 = 0. Let b = -3 - n. Let v(i) = -b + 0 - i**2 - 5*i - 4. What is v(-5)?
-5
Let c(p) = 3*p**2 - 2. Suppose -3*y + 3*n = -8 - 7, 3*y - 9 = n. Give c(y).
10
Let j be -3 + ((-4)/1 - -2). Let c(i) = 4*i + 45. Let f(m) = m + 15. Let r(o) = 2*c(o) - 7*f(o). Let z(v) = -v + 10. Let b(y) = 5*r(y) + 7*z(y). Give b(j).
5
Let r(q) be the third derivative of 3*q**2 + 0 - 5/24*q**4 + 0*q**3 + 0*q. Give r(2).
-10
Let s(x) = x**2 - 6*x - 1. Let a be s(3). Let m be (2/(-5))/(2/a). Let g(j) be the first derivative of -2*j**3/3 - j**2 + 2*j - 10. Calculate g(m).
-10
Let g(d) be the second derivative of -d**4/6 - 7*d**3/